9
Calculate the remainder when 275227 is divided by 67193.
6455
Calculate the remainder when 988002 is divided by 1257.
0
Calculate the remainder when 1113446 is divided by 17.
14
What is the remainder when 2065413965 is divided by 436?
433
What is the remainder when 25835 is divided by 12728?
379
What is the remainder when 360406 is divided by 23961?
991
What is the remainder when 1092705 is divided by 398?
195
What is the remainder when 191114 is divided by 9744?
5978
Calculate the remainder when 119366 is divided by 1592.
1558
Calculate the remainder when 5339 is divided by 2806.
2533
Calculate the remainder when 26873751 is divided by 699.
696
What is the remainder when 40880 is divided by 13558?
206
Calculate the remainder when 17111266 is divided by 738.
736
Calculate the remainder when 175415 is divided by 9042.
3617
What is the remainder when 1356006 is divided by 218?
46
Calculate the remainder when 127293 is divided by 3637.
3635
Calculate the remainder when 1095925 is divided by 4366.
59
Calculate the remainder when 80810 is divided by 4089.
3119
What is the remainder when 6726246 is divided by 80?
6
Calculate the remainder when 85021 is divided by 82227.
2794
Calculate the remainder when 49162005 is divided by 11441.
28
What is the remainder when 1054112 is divided by 832?
800
What is the remainder when 16295999 is divided by 50?
49
Calculate the remainder when 1323618 is divided by 661766.
86
What is the remainder when 17436 is divided by 672?
636
What is the remainder when 757813 is divided by 2687?
79
Calculate the remainder when 4816521 is divided by 2685.
2316
Calculate the remainder when 1181194 is divided by 1758.
1576
What is the remainder when 88574 is divided by 3927?
2180
Calculate the remainder when 16789 is divided by 166.
23
What is the remainder when 2125636 is divided by 473?
447
What is the remainder when 149720601 is divided by 54?
39
What is the remainder when 1782680 is divided by 548?
36
What is the remainder when 2776299 is divided by 183?
6
What is the remainder when 20481716 is divided by 37?
33
What is the remainder when 18091423 is divided by 1256?
1255
Calculate the remainder when 3936589 is divided by 648.
637
What is the remainder when 102939 is divided by 4800?
2139
What is the remainder when 131008532 is divided by 27?
23
Calculate the remainder when 1150576 is divided by 1424.
1408
Calculate the remainder when 1561487 is divided by 678.
53
What is the remainder when 305457 is divided by 4820?
1797
Calculate the remainder when 392766992 is divided by 50.
42
Calculate the remainder when 146726 is divided by 48890.
56
What is the remainder when 1730945 is divided by 576981?
2
Calculate the remainder when 80652 is divided by 234.
156
What is the remainder when 35814963 is divided by 138?
99
What is the remainder when 222819 is divided by 20223?
366
Calculate the remainder when 279148 is divided by 369.
184
What is the remainder when 12068 is divided by 1213?
1151
Calculate the remainder when 145941 is divided by 7.
5
What is the remainder when 19216774 is divided by 158816?
38
Calculate the remainder when 225720 is divided by 684.
0
Calculate the remainder when 5315367 is divided by 3247.
28
Calculate the remainder when 678023 is divided by 761.
733
What is the remainder when 1334722 is divided by 632?
570
What is the remainder when 28005140 is divided by 1453?
18
What is the remainder when 188740 is divided by 2740?
2420
What is the remainder when 2976171 is divided by 2489?
1816
What is the remainder when 2318337 is divided by 2783?
98
Calculate the remainder when 419825 is divided by 923.
783
What is the remainder when 6145161 is divided by 673?
671
What is the remainder when 118205 is divided by 273?
269
What is the remainder when 7826348 is divided by 1956570?
68
Calculate the remainder when 183263574 is divided by 383.
372
What is the remainder when 622001 is divided by 12196?
5
Calculate the remainder when 77629973 is divided by 79.
70
Calculate the remainder when 1517547 is divided by 1517470.
77
What is the remainder when 30182 is divided by 9565?
1487
What is the remainder when 144796 is divided by 295?
246
Calculate the remainder when 13400695 is divided by 48.
7
What is the remainder when 6958380 is divided by 168?
156
What is the remainder when 12764369 is divided by 933?
929
What is the remainder when 58169364 is divided by 612309?
9
Calculate the remainder when 5008292 is divided by 1669413.
53
What is the remainder when 1030453940 is divided by 19?
17
Calculate the remainder when 8972798 is divided by 320.
318
What is the remainder when 307939839 is divided by 14?
11
What is the remainder when 311348 is divided by 2354?
620
Calculate the remainder when 523157 is divided by 2577.
26
What is the remainder when 1300253 is divided by 102?
59
Calculate the remainder when 146620834 is divided by 91.
87
Calculate the remainder when 22546 is divided by 1738.
1690
What is the remainder when 586698 is divided by 834?
396
Calculate the remainder when 202022 is divided by 393.
20
Calculate the remainder when 3146207 is divided by 81.
5
Calculate the remainder when 37479356 is divided by 32.
28
What is the remainder when 48284 is divided by 2429?
2133
Calculate the remainder when 100274 is divided by 9973.
544
What is the remainder when 17244 is divided by 2730?
864
Calculate the remainder when 65264933 is divided by 780.
773
Calculate the remainder when 99544 is divided by 603.
49
What is the remainder when 11017231 is divided by 165?
16
Calculate the remainder when 57128848 is divided by 225.
223
Calculate the remainder when 2114333 is divided by 16.
13
What is the remainder when 586913 is divided by 235?
118
Calculate the remainder when 1153734 is divided by 173.
170
Calculate the remainder when 243355 is divided by 118636.
6083
Calculate the remainder when 932604 is divided by 2905.
99
What is the remainder when 1008419 is divided by 10057?
2719
Calculate the remainder when 6961027 is divided by 1443.
1438
Calculate the remainder when 2672530 is divided by 177.
7
What is the remainder when 37155 is divided by 930?
885
What is the remainder when 178262 is divided by 878?
28
Calculate the remainder when 1312930 is divided by 3234.
3160
What is the remainder when 5182557 is divided by 5957?
5924
What is the remainder when 273167 is divided by 3372?
35
What is the remainder when 23457 is divided by 20622?
2835
What is the remainder when 3857044 is divided by 964254?
28
Calculate the remainder when 34705 is divided by 979.
440
Calculate the remainder when 892459 is divided by 571.
557
What is the remainder when 811263 is divided by 128?
127
Calculate the remainder when 3597892 is divided by 5665.
617
Calculate the remainder when 1366627 is divided by 107.
23
What is the remainder when 933344 is divided by 112?
48
What is the remainder when 26056 is divided by 2365?
41
Calculate the remainder when 480456 is divided by 370.
196
What is the remainder when 1956443 is divided by 1050?
293
What is the remainder when 1625817 is divided by 10974?
1665
What is the remainder when 8000308 is divided by 29?
20
Calculate the remainder when 23304644 is divided by 7768206.
26
What is the remainder when 721252 is divided by 180302?
44
Calculate the remainder when 4259004 is divided by 321.
297
What is the remainder when 1107321 is divided by 1072?
1017
Calculate the remainder when 85913098 is divided by 7.
5
What is the remainder when 11615 is divided by 11612?
3
Calculate the remainder when 30580856 is divided by 187.
185
What is the remainder when 2236757 is divided by 34?
33
What is the remainder when 4210951 is divided by 8978?
269
Calculate the remainder when 14293893 is divided by 4764627.
12
What is the remainder when 17689 is divided by 17402?
287
Calculate the remainder when 52152445 is divided by 284986.
7
What is the remainder when 114363 is divided by 114358?
5
What is the remainder when 82658108 is divided by 3?
2
What is the remainder when 196440026 is divided by 10338948?
14
Calculate the remainder when 7079566 is divided by 431.
391
Calculate the remainder when 1937787 is divided by 3735.
3057
Calculate the remainder when 1483377 is divided by 6804.
105
What is the remainder when 23891226 is divid